when 54 is divided by v?
26
Suppose 83*m - 87*m + 16 = 0. What is the remainder when 73 is divided by (2*(-74)/m)/(-1)?
36
Suppose 2*y + 15*y - 1343 = 0. Let v = -18 + 29. What is the remainder when y is divided by 2/v + 654/33?
19
Suppose 13*u = 25*u - 228. Let z(r) = -r**2 - 6*r + 3. Calculate the remainder when u is divided by z(-4).
8
What is the remainder when (-9 + (-20)/(-4))*(-438)/8 is divided by 22?
21
Let i(s) = 3*s + 3*s**2 - 2 + 1 + 2. Let j = -26 + 80. What is the remainder when j is divided by i(-3)?
16
Suppose 0 = -4*o + 36 + 28. Calculate the remainder when 8 is divided by 7 + (o/(-4) - 0).
2
Let n(s) = 1 - 6 - s**3 - 1 - 4. Let o be n(0). What is the remainder when (-468)/(-30) - 4/o is divided by 9?
7
Let g = 153 - 76. Let n = 70 + g. Calculate the remainder when n is divided by 30.
27
Suppose 0*z = 2*z - 202. Calculate the remainder when z is divided by -4 - -26 - 3 - -2.
17
Let f(d) = d**3 - 19*d**2 - 88*d - 31. What is the remainder when 547 is divided by f(23)?
59
Suppose -6 = -2*i, -j + 2*i + 128 = 4. Calculate the remainder when j is divided by 99.
31
Suppose m - 86 = 5*i, 4*i - 6 = 7*i. Calculate the remainder when m is divided by 13.
11
Let o(t) = 3*t**2 - 4*t + 7. Let w be o(7). Let j = 188 - w. What is the remainder when j is divided by 25?
12
Suppose -2*x = 2*t + 52, -5*x + 10*t = 5*t + 90. Let l(d) = 2*d**2 - 2*d - 1. Calculate the remainder when l(4) is divided by ((-6)/(-8))/(x/(-176)).
5
Let s be (-8)/(-14)*(5 - -2). Calculate the remainder when (-2)/(-3)*156/s is divided by 3.
2
Let d = -111 - 79. Let p = d + 209. What is the remainder when 148/10*(0 + 5) is divided by p?
17
Let w = 112 + -65. Let g = -729 - -731. Suppose i + w = 3*i - m, -g*i = -2*m - 44. What is the remainder when i is divided by 9?
7
Let v = -55 - -52. What is the remainder when 83 is divided by -11*(1 - 4)*(-2)/v?
17
Let b(i) = 2*i - 5. Let a(r) = 7*r - 19. Let y(k) = 6*a(k) - 22*b(k). Let c(z) = -z. Let l be c(3). Calculate the remainder when 2 is divided by y(l).
0
Let l be 1/1 + (17 - 6). Suppose i = -3 + l. Calculate the remainder when 2/i + (-553)/(-63) is divided by 5.
4
Suppose -224*a + 227*a - 582 = 0. Calculate the remainder when a is divided by 51.
41
Calculate the remainder when -2 + (-19)/(171/(-1296)) is divided by 48.
46
Let f(n) = 9*n - 4. Suppose 0 = -82*g + 74*g + 312. Calculate the remainder when f(9) is divided by g.
38
Calculate the remainder when (5080/(-160))/(3/(-12)) is divided by 58.
11
Let b(p) = -p**3 + 9*p**2 - 11*p - 14. What is the remainder when 24 is divided by b(7)?
3
Let l be 2/(4 + 21/(-6)). Suppose -6 = -5*f + l. Suppose -f*q - 43 = -5*k, -4*q - 2 + 14 = 4*k. What is the remainder when 25 is divided by k?
4
Let z = 394 - 369. What is the remainder when 99 is divided by z?
24
Suppose -3*w + 2*t + 109 = -2*t, 0 = 3*w + 4*t - 149. Suppose 0 = -3*s - 2*s + 75. What is the remainder when w is divided by s?
13
Suppose 229 = 3*m - 4*t - 61, 4*t - 4 = 0. What is the remainder when m is divided by 26?
20
Let l = -45 - -88. Suppose 0 = 2*r + 5*g - l, 0 = 4*r - 3*g - 7 - 14. Let x = -10 - -14. What is the remainder when r is divided by x?
1
Suppose -7*g + 681 + 705 = 0. What is the remainder when g is divided by 69?
60
Suppose 0 = -3*k + 4*z + 91, -13*z = k - 8*z - 5. What is the remainder when 110 is divided by k?
10
Let x(v) = -14*v**3 + 2*v**2 + 4*v + 3. Let h(y) = -10*y + 69. Let q be h(7). Let u = 33 - 4. Calculate the remainder when u is divided by x(q).
14
Suppose 4*b + q = 45, 4*q - 19 - 17 = -4*b. Suppose -2*c + 119 = -3*y, 3*c - 53 = 2*c - 5*y. Calculate the remainder when c is divided by b.
10
Suppose -197 = -3*z + k, -3*z + 174 = 4*k + 2. Suppose 3*o + 5*m - 54 = 0, -2*o - 7*m + 36 = -4*m. What is the remainder when z is divided by o?
10
Suppose 9403 + 27671 = 111*i. What is the remainder when i is divided by 88?
70
Suppose -2*o + 17 = -45. Let g(p) = 4*p + 5. Calculate the remainder when o is divided by g(3).
14
Let m = -116 - -22. Suppose 4*k + 60 = k. Let l = k - m. Calculate the remainder when l is divided by 25.
24
Suppose r = 4*i - 111, -22*i + 93 = -19*i - 4*r. Calculate the remainder when i is divided by 15.
12
Suppose -v - 16*v + 561 = 0. Let k = 19 - 4. Suppose -2*r + k = 2*y - 15, 4*y - 42 = 2*r. Calculate the remainder when v is divided by y.
9
Let l = -34 - -60. Suppose 5*t = -5*r + 2*r + 123, 0 = 4*t + 5*r - 101. Let f = t + 52. Calculate the remainder when f is divided by l.
24
Let d = 664 - 294. Calculate the remainder when d is divided by 6.
4
Let i(w) = -17*w - 12. Let u be i(-3). Let j = u - 21. What is the remainder when j is divided by 7?
4
Suppose 3*n - 3*v = 72, 6*n - 2*n + 3*v = 89. What is the remainder when n is divided by 6?
5
Let y(v) = -v**2 + 7*v + 1. Calculate the remainder when (222/12 + 270/(-18))*(6 + 0) is divided by y(5).
10
Let n be (-2)/(-5) - (-938)/(-70). Let z(u) = -u**3 - 13*u**2 + 3*u + 18. Let d be z(n). Let t = d - -38. Calculate the remainder when 67 is divided by t.
16
Suppose -2*o - 11 = 5*i, -4*o = -o - 4*i - 18. Suppose 3*k + 3*c = o*c + 178, -3*k + c + 182 = 0. Calculate the remainder when k is divided by 22.
16
Let n = 924 + -914. Calculate the remainder when n is divided by 6.
4
Let y be 1 - (1 + 422/(-2)). Suppose 2*z - 44 = -3*r, -3*r + 3*z - 15 = -84. What is the remainder when 6/24*(y + 1) is divided by r?
17
Suppose 4*b = 125*n - 126*n + 3, -2*b = n - 3. Suppose 5*o = 3*o + 6. Calculate the remainder when o is divided by n.
0
Suppose 122 + 8 = 2*n. What is the remainder when n is divided by -2*(2/4)/((-18)/198)?
10
Let w = 15 + -23. Let f be 3 - (1 - w)/3. Suppose 2*j + 0*j - 8 = f. What is the remainder when 15 is divided by j?
3
Let t(q) = q**3 - 8*q**2 + 13*q - 3. What is the remainder when 334 is divided by t(6)?
1
Let l(n) = n - 3. Let c be l(7). Let x be -4*((-14)/c + 3). Suppose x*r - 24 = -o, 4*o - 5*r - 96 = -0*r. What is the remainder when o is divided by 9?
6
Let d(s) = 3*s - 7. Let z(k) = -k. Let a(u) = 3*d(u) - 6*z(u). Calculate the remainder when 191 is divided by a(3).
23
What is the remainder when (-1)/1 + -35 + 158 is divided by 33?
23
Let i(y) = -14*y + 132. What is the remainder when 269 is divided by i(8)?
9
Let u(d) = 13*d**2 - 101*d - 10. Calculate the remainder when 18 is divided by u(8).
4
Let s(w) = -w**2 + 21*w - 21. Let a be s(14). Suppose 0 = 3*c - a - 22. Let q(t) = t**2 + 2*t - 6. What is the remainder when c is divided by q(4)?
15
Suppose 214*i + 1136 = 218*i. What is the remainder when i is divided by 7?
4
Let c be 12/(1 + -4) - 2. Calculate the remainder when 126/(-3)*4/c is divided by 15.
13
Suppose 5 = y - 16. Let s be ((-6)/y)/((-5)/(-35)). What is the remainder when (64/(-2) + 2)/s is divided by 8?
7
Suppose k - j = 3*j - 19, 73 = -5*k - 2*j. Let n = 33 + k. What is the remainder when 51 is divided by n?
15
Let q(a) = a**3 + 33*a**2 + 55*a - 121. Calculate the remainder when q(-31) is divided by 28.
12
Let z = 0 + 2. Suppose a = z*a - 2. Calculate the remainder when 44 is divided by (3/(-1))/(a/(-10)).
14
Suppose 14*l = 2*l + 432. Let r(n) = -18*n + 33. What is the remainder when r(-8) is divided by l?
33
Suppose 0 = -d - 4, 3*d + 0 = -3*c - 3. Suppose -g = c*m + g - 7, 0 = m - 4*g - 21. Calculate the remainder when 14 is divided by m.
4
Suppose 4*p - 5*p - 7 = 0. Let t(b) = b**3 + 8*b**2 + 6*b + 13. What is the remainder when 38 is divided by t(p)?
18
Suppose -k - 4*h = -2*k + 14, 2*k = -2*h + 8. Suppose -5*o = -k*o - 14. Let r = 19 + o. What is the remainder when 9 is divided by r?
4
Let l(y) = y**2 + 29*y + 195. Calculate the remainder when 78 is divided by l(-19).
3
Suppose 0 = -b + 11 - 9. Suppose -14 - 32 = -b*l. Calculate the remainder when l is divided by 13.
10
Suppose 0 = s + l - 21, -s + l = s - 30. Suppose -2*m + s = 207. Let a = 0 - m. Calculate the remainder when a is divided by 32.
31
What is the remainder when 349 is divided by 2/3 + (7 - 561/(-9))?
69
Let j be 2/(-12) - 469/(-42). Let t = 17 - j. Let z(s) = s**3 - 6*s**2 + 8*s - 7. Calculate the remainder when z(t) is divided by 11.
8
Suppose 5*u - 2*y - 213 = 0, 2*y - 5 = -13. Suppose -805 = -5*j - 5*m, -m = 3*m + 4. What is the remainder when j is divided by u?
39
Let t(n) = -n + 13. Let a be t(5). Let q = a - -3. Calculate the remaind